*2 - 24*n + 3. Let q(b) = -5*b**2 + 8*b - 1. Let h(d) = -6*i(d) - 17*q(d). Determine h(k).
19
Let f(m) = -115 + m + 196 + 5*m - 26 + 3*m. What is f(-4)?
19
Let l(p) = p**2 + 3*p - 3. Let o(x) be the third derivative of 3*x**4/8 + 31*x**3/6 + 9*x**2 + x. Let r be o(-4). What is l(r)?
7
Let q(b) = 2*b - 5. Let v(u) = -2*u**2 + 50*u - 268. Let f be v(8). Give q(f).
3
Let y(x) = -22*x + 132. Let m be (0 - 108/48)*(-8)/6*2. Calculate y(m).
0
Let s(u) = 4*u - 237. Let a be s(56). Let n(g) = -g - 4*g**2 - 5*g + 3*g**2 - 4*g + 17. Calculate n(a).
-22
Let q be 3/(7/7)*(-56)/84. Let m(o) = 1. Let s(u) = u + 2. Let y(z) = 2*m(z) - s(z). Determine y(q).
2
Let m(w) be the third derivative of -w**6/720 - w**5/30 + 23*w**4/12 + 106*w**2. Let i(a) be the second derivative of m(a). Give i(-6).
2
Let n(i) = 39*i + 49. Let a(m) = 25*m + 33. Let r(q) = -7*a(q) + 5*n(q). Give r(-4).
-66
Let h(i) = 6*i + 5 - 6*i**2 - 4*i**2 + 11*i**2. Let o be 1141/21 + (-2)/6. Let d = o + -59. Calculate h(d).
0
Let z(u) = -16*u + 3. Let m(t) = -t**3 - 8*t**2 - 20*t - 12. Let h be m(-3). Give z(h).
-45
Suppose 2*p + 2*p + 40 = 0. Suppose 55*t - 54*t - 2 = 0. Let y(w) = 2 + 658*w**2 - 8 - 668*w**t - w**3. Calculate y(p).
-6
Suppose 10 = -3*l - 2*i, 0 = l + 6*i - 10*i - 34. Let g(w) = -3*w**3 + 4*w**2 + w. What is g(l)?
-6
Suppose -90*w = 52*w - 13*w - 129. Let r(t) = 13*t**3 + 2*t**2 - t. Calculate r(w).
14
Let v be 3 - (1 + -2) - 0. Let g(i) = 38*i + 47*i - 3 + v - 84*i. Give g(7).
8
Let m(r) be the first derivative of -17*r**4/4 - r**2 + r + 183. Let j(h) = -h**2 + 20*h + 1. Let x be j(20). Give m(x).
-18
Let w(s) = s**2 + 3*s + 3. Let d = -561 + 1425. Let p = 862 - d. Calculate w(p).
1
Let w(u) = 63*u + 181. Let x(b) = -33*b - 90. Let l(m) = -4*w(m) - 7*x(m). Give l(-5).
11
Let m(b) = -136*b**3 - 3*b**2 + 2. Let c(l) = l**2 + 52*l + 652. Let i be c(-31). Give m(i).
-137
Let w = 0 + 4. Let p(n) = -2*n + 6394 - 6394. Let r(m) = -11*m - 3. Let k(a) = 4*p(a) - r(a). Calculate k(w).
15
Let q(o) = -9*o**3 + o**2 + 7*o + 17. Let z(n) = -5*n**3 + n**2 + 3*n + 9. Let i = 306 - 302. Let t(b) = i*q(b) - 7*z(b). What is t(-4)?
-7
Suppose -r = -2*m + 7, -5*m = -0*m + 5*r + 5. Let j be 1 - ((-6)/2 + 1). Let p(n) = n**3 - m*n**j - 4 + 2*n**2 + 6*n + 5 - 8*n. Determine p(1).
0
Let u(k) be the first derivative of 3*k**2/2 - 2*k + 3845. Calculate u(-4).
-14
Let x be 24/2 + (31 + 9 - 45). Let s(n) = n**3 - 9*n**2 + 20*n - 23. What is s(x)?
19
Let b(y) = -y**2 + 5*y + 1. Let n(x) = x + 14. Suppose 28*k - 32*k = -124. Let f = k + -40. Let u be n(f). Calculate b(u).
1
Let o(f) = 20*f + 215 + 216 + 219 - 654 - 18*f. Suppose 2*h - 56 = -4*x, -60 = -2*h - 8*x + 3*x. Suppose -w - h = 3*w. Determine o(w).
-14
Suppose 0 = -3*f + 5*h - 807, 5*h - 9*h = -5*f - 1345. Let i = f - -271. Let r(l) = -l**3 + 3*l**2 - 3*l + 1. Calculate r(i).
-1
Suppose 379 - 49 = 5*r. Suppose 153*d = 142*d + r. Let z(c) = 3*c - 4. Give z(d).
14
Suppose -4*q + 5*q - 21 = 0. Suppose 0 = -5*c + 4*b + 7 - 22, 4*c - 5*b + q = 0. Let p(t) be the second derivative of t**3/3 + t**2/2 + t + 195. Calculate p(c).
3
Let c = 6912 - 6933. Let r(u) = -u**2 - 11*u + 205. Determine r(c).
-5
Let p(h) be the third derivative of -1/10*h**5 - 26 + 1/8*h**4 + 1/120*h**6 + h**2 - 4/3*h**3 + 0*h. Let z be (-8)/(-24) + 34/6. Determine p(z).
10
Suppose 0 = -4*j + 9*j + 25. Suppose 4*n = 3*w + 82, 0 = -3*n - n - w + 74. Let t(y) = -n + 15 - 2*y + 0*y - y**2 + 10. Determine t(j).
-9
Suppose 0*i - 4*d + 723 = -3*i, 3*i = d - 723. Let z = 233 + i. Let c(h) = h**3 + 7*h**2 - 7*h. Determine c(z).
-8
Suppose 3*i - 1 = 4*z - 3, -2*i = 3*z + 24. Let r(u) = 7 - 7*u**2 + 0*u**3 - u**3 - 875*u + 869*u. Determine r(i).
7
Let d(h) = h**3 + 19*h**2 - 47*h + 5. Let a be 189/(-6)*60/90. Calculate d(a).
110
Let b(g) be the first derivative of 3*g**4/4 + 29*g**3/3 - 8*g**2 - 55*g + 2754. What is b(-10)?
5
Let b(q) = 2*q**2 + 44*q + 52. Suppose 17*n = -22 - 144 - 191. Determine b(n).
10
Let x(f) = 2764*f + 90 - 31 + 2765*f - 5519*f. Calculate x(-7).
-11
Suppose 7*g + 5*d + 503 = 3*g, 4*d + 500 = -4*g. Let v be 13/78 - g/(-12). Let b(f) = -f**3 - 11*f**2 - 11*f - 13. Determine b(v).
-3
Suppose 52*w = -61*w - 3496 + 671. Let o(t) = -t**3 - 24*t**2 + 24*t - 29. What is o(w)?
-4
Suppose 20 = 2*v + 5*k - 3*k, 5*v + 4*k - 52 = 0. Let t(c) = c + v*c**2 + 2 - 3*c**2 - 1. Let q = -58609 + 58608. What is t(q)?
9
Let o(v) = -2*v + 3. Let r be 8/(-360)*-5 + (-1762)/(-18). Let q = r - 93. Give o(q).
-7
Let z(q) = q**2 + q - 4. Let f be z(-4). Let r(x) = x**3 + 120*x**2 - 245*x - 111. Let s be r(-122). Let k(w) = 23*w - s*w - 13*w + f. Calculate k(9).
-1
Let c(n) be the second derivative of n**3/6 + n**2/2 + 3*n + 303. Determine c(-1).
0
Let r(x) = -630*x - 124. Let y be r(-9). Let a be y/413 + 8/14. Let w(v) = -v**3 + 13*v**2 + 13*v + 9. Calculate w(a).
-5
Let t = 1 - -11. Let d(p) = -5*p + 9 - 11*p**2 - 50 - 6*p + 48 + p**3. Calculate d(t).
19
Let s(i) = 2*i - 1. Let y(b) = -22*b - 4. Let z(f) = -10*s(f) - y(f). Suppose -3*q = 3, -4*q + 5 = -4*w - 23. Give z(w).
-2
Let a(n) = -4*n + 6. Let p(j) = -2*j**2 + 20*j - 54. Let r be p(4). Let d(o) = 11*o - 18. Let q(t) = r*d(t) - 17*a(t). Calculate q(-5).
-4
Let i(s) = -s**2 + 19*s - 19. Let b(x) = x**2 - 18*x + 16. Let c(a) = 7*b(a) + 6*i(a). Give c(6).
-38
Let z(f) = -3 - 3*f + 4*f + 0. Suppose 2*p = -9 - 7. Let g be (1 + -10)*p/12. Calculate z(g).
3
Let g(b) = b**3 - b**2 - 33*b + 2. Let r = 569 + -563. Let y be g(r). Let v(a) = -a - 17. Give v(y).
-1
Let l(w) = 5*w - 42. Suppose 7*c - 2190 + 1202 = -45*c. What is l(c)?
53
Suppose 0 = -200*n + 1296 + 904. Let w(x) = x**3 - 10*x**2 - 12*x + 14. Calculate w(n).
3
Let h = -39 + 46. Suppose m = 5*x + 11, -h = -x + 5*x + m. Let a(d) = -12*d + 1. Give a(x).
25
Let p(w) = -16 - 13*w - 8 + 9*w**2 + 26477*w**3 - 26476*w**3. What is p(-10)?
6
Let d be (-18 - -15)*(-236)/6. Let t(p) = -119*p + d*p - 7 + 10. Calculate t(7).
-4
Suppose 4*q - q + 6 = v, -q + 3*v = 2. Let k = q + 2. Let p(g) = 9*g + 13*g - 3643 + 3644 - 21*g. What is p(k)?
1
Let y(x) = -9*x**2 + 23*x + 11. Let p(h) = -41*h**2 + 97*h + 43. Let u(o) = -2*p(o) + 9*y(o). Let a be ((-4)/5)/((-1)/(-15)). What is u(a)?
1
Let q(y) = -5*y - 3. Suppose -19*j = -17*j + 16. Let p be (6 - 0) + (j + 7)*2. Suppose 0 = 3*d + i + 5, -p*d + 4 - 13 = -i. Determine q(d).
7
Let f = -493 - -495. Let p(y) = y**f - 63 + 20 + 3*y + 39. What is p(-4)?
0
Let z(v) = -33*v - 11. Let l = -12 - -21. Let a(k) = 17*k + 5. Let n(f) = l*a(f) + 4*z(f). Suppose 2*s - 8 = -43*j + 48*j, 4*s = -5*j - 14. What is n(s)?
-20
Let s(p) be the third derivative of 55*p**4/24 - 80*p**3/3 + 67*p**2 + 13. Calculate s(3).
5
Let c be 16/12*-3 - -87. Let g = -46 + c. Let t = g - 44. Let z(l) = l**3 + 7*l**2 - 9. What is z(t)?
-9
Let q be 14/(-70) + (-162)/(-10). Let l be (q/(-8))/((-2)/3). Let v(d) = -40*d - l + d**2 - 6 + 46*d. Calculate v(-8).
7
Let f = -11574 + 11580. Let x(m) be the first derivative of m**3/3 - 4*m**2 + 6*m + 1. Determine x(f).
-6
Let o be (280/(-385))/((-22)/121). Let p(d) be the first derivative of -1/2*d**2 - 35 + 2*d + 4/3*d**3 + 1/4*d**o. Calculate p(-3).
14
Let k(n) = 14*n - 24. Let a(d) = 16*d - 24. Let u(i) = -5*a(i) + 6*k(i). Let l be u(6). Let r(b) = b**3 - b**2 - 13. Determine r(l).
-13
Let i(r) = r**2 - 13*r - 17. Suppose -5*u + 31 = 4*c - 22, -2*c - 3*u = -27. What is i(c)?
-29
Let z = -245 - -249. Let x be (0 - -3) + (5 - 24/6). Let t(m) = m + 1 - x*m - 6 + 5*m. Determine t(z).
3
Let i(g) = 3*g**2 + 43. Let c(f) = -5*f**2 + f - 76. Let p(j) = -4*c(j) - 7*i(j). Calculate p(-5).
-2
Let f(g) = 2*g**2 + 44*g + 92. Let c(b) = b**2 + 34*b + 92. Let m(j) = 3*c(j) - 2*f(j). Calculate m(19).
-3
Let i(p) = -p**2. Let h(s) = -4*s**2 + 5*s + 10. Let r(u) = h(u) - 5*i(u). Suppose -m - 53 = 4*g + 4*m, -5*m = 2*g + 39. Give r(g).
24
Let g(r) = 2*r - 20 - 62*r + 16*r + 22*r + 23*r. Calculate g(15).
-5
Let z(t) = -t**2 - 5*t - 3. Suppose y + 1 = 0, -n + 4*y = 5*y - 1. Suppose 22 + 12 = -n*a. Let q = -19 - a. Calculate z(q).
3
Suppose 13*b - 6*b = 21. Let w(f) = -b + 0*f**3 + 6*f**2 - 2 + f**3 + 1. What is w(-5)?
21
Let n(s) = -s**3 - 2*s**2 - 2*s - 1. Let z be (110/88)/((-3)/(-12)). Suppose -4*o + 11 = -3*l, 3*o + 16 = -z*l - 12. Determine n(o).
0
Let r(n) = -n**3 + 5*n